2?
2
Calculate the highest common divisor of 99 and 77.
11
What is the highest common factor of 184 and 8?
8
What is the highest common divisor of 210 and 42?
42
What is the highest common divisor of 857 and 1?
1
What is the highest common factor of 110 and 1221?
11
Calculate the greatest common factor of 896 and 672.
224
What is the highest common factor of 27 and 9?
9
What is the greatest common divisor of 28 and 777?
7
What is the highest common factor of 438 and 366?
6
Calculate the highest common divisor of 1050 and 315.
105
What is the highest common divisor of 56 and 11?
1
Calculate the greatest common factor of 286 and 308.
22
What is the highest common factor of 150 and 60?
30
Calculate the highest common divisor of 444 and 384.
12
Calculate the highest common divisor of 18 and 3042.
18
What is the greatest common factor of 34 and 187?
17
Calculate the greatest common factor of 125 and 1625.
125
Calculate the greatest common divisor of 14 and 5446.
14
What is the highest common factor of 3495 and 15?
15
Calculate the greatest common divisor of 1161 and 1032.
129
Calculate the highest common divisor of 1422 and 18.
18
What is the highest common divisor of 1599 and 351?
39
What is the greatest common factor of 410 and 738?
82
Calculate the highest common factor of 273 and 14.
7
What is the highest common divisor of 6 and 318?
6
What is the greatest common factor of 266 and 228?
38
What is the highest common divisor of 168 and 444?
12
What is the greatest common divisor of 33 and 66?
33
What is the greatest common divisor of 126 and 14?
14
What is the highest common factor of 200 and 19300?
100
What is the highest common factor of 5 and 285?
5
Calculate the highest common divisor of 2800 and 1000.
200
What is the greatest common factor of 190 and 247?
19
Calculate the greatest common divisor of 9 and 117.
9
Calculate the highest common factor of 38 and 76.
38
What is the greatest common divisor of 72 and 252?
36
Calculate the highest common divisor of 63 and 49.
7
Calculate the greatest common factor of 161 and 115.
23
What is the greatest common factor of 496 and 80?
16
Calculate the highest common factor of 5057 and 13.
13
Calculate the highest common factor of 187 and 253.
11
What is the greatest common divisor of 582 and 18?
6
What is the highest common factor of 656 and 10988?
164
What is the highest common divisor of 445 and 40?
5
What is the greatest common divisor of 198 and 88?
22
What is the highest common divisor of 230 and 1035?
115
What is the greatest common factor of 392 and 32?
8
Calculate the highest common divisor of 152 and 418.
38
Calculate the greatest common divisor of 1444 and 8.
4
What is the greatest common factor of 184 and 8?
8
What is the greatest common factor of 10 and 54430?
10
What is the highest common divisor of 10 and 335?
5
What is the greatest common divisor of 7625 and 61?
61
What is the greatest common factor of 817 and 43?
43
What is the highest common factor of 4140 and 165?
15
Calculate the greatest common factor of 72 and 16.
8
Calculate the highest common divisor of 135 and 330.
15
What is the greatest common divisor of 224 and 168?
56
Calculate the greatest common factor of 84 and 987.
21
Calculate the greatest common divisor of 310 and 124.
62
What is the greatest common divisor of 16 and 206480?
16
Calculate the greatest common divisor of 28 and 68.
4
Calculate the greatest common divisor of 752 and 846.
94
Calculate the greatest common divisor of 18 and 1152.
18
What is the highest common divisor of 16 and 49456?
16
Calculate the highest common factor of 588 and 204.
12
What is the highest common divisor of 69 and 322?
23
What is the greatest common factor of 1020 and 300?
60
Calculate the highest common factor of 555 and 15.
15
What is the greatest common factor of 42 and 518?
14
Calculate the highest common factor of 2538 and 54.
54
Calculate the greatest common divisor of 105 and 168.
21
Calculate the greatest common divisor of 91 and 56.
7
What is the greatest common divisor of 2040 and 17?
17
Calculate the highest common divisor of 5 and 135.
5
Calculate the greatest common factor of 238 and 756.
14
What is the highest common factor of 84 and 42?
42
Calculate the highest common factor of 1004 and 8.
4
Calculate the highest common divisor of 270 and 70.
10
Calculate the greatest common factor of 57 and 5073.
57
What is the greatest common factor of 560 and 7?
7
What is the highest common divisor of 40 and 860?
20
Calculate the greatest common factor of 24 and 300.
12
Calculate the highest common factor of 180 and 250.
10
Calculate the highest common divisor of 7536 and 96.
48
Calculate the greatest common divisor of 512 and 96.
32
What is the greatest common divisor of 128 and 1632?
32
What is the greatest common factor of 46 and 14122?
46
Calculate the highest common factor of 122 and 33245.
61
Calculate the highest common divisor of 104 and 16.
8
What is the greatest common divisor of 13 and 949?
13
What is the highest common divisor of 1410 and 110?
10
What is the highest common factor of 171 and 285?
57
What is the greatest common factor of 1700 and 272?
68
Calculate the highest common divisor of 1295 and 35.
35
What is the highest common factor of 10712 and 13?
13
Calculate the highest common factor of 11760 and 80.
80
What is the highest common divisor of 1816 and 32?
8
Calculate the greatest common factor of 200 and 1100.
100
Calculate the greatest common factor of 160 and 6.
2
What is the greatest common divisor of 7404 and 24?
12
What is the highest common divisor of 31 and 4867?
31
Calculate the highest common divisor of 65 and 2080.
65
Calculate the greatest common factor of 180 and 165.
15
What is the greatest common divisor of 715 and 110?
55
Calculate the greatest common factor of 4 and 2.
2
Calculate the greatest common factor of 7614 and 94.
94
Calculate the highest common factor of 141 and 188.
47
What is the greatest common factor of 1188 and 36?
36
Calculate the highest common factor of 793 and 61.
61
Calculate the highest common divisor of 153 and 4794.
51
What is the greatest common divisor of 24992 and 264?
88
Calculate the greatest common divisor of 99 and 3861.
99
What is the highest common divisor of 128 and 7232?
64
What is the greatest common factor of 228 and 76?
76
Calculate the highest common divisor of 28 and 63.
7
Calculate the highest common factor of 1375 and 55.
55
Calculate the greatest common divisor of 77 and 847.
77
What is the greatest common divisor of 1716 and 96?
12
What is the highest common factor of 186 and 31?
31
Calculate the highest common divisor of 303 and 16766.
101
What is the greatest common divisor of 20 and 6280?
20
Calculate the highest common divisor of 84 and 5376.
84
What is the greatest common factor of 45 and 5550?
15
Calculate the highest common factor of 80 and 130.
10
What is the greatest common divisor of 1143 and 18?
9
Calculate the greatest common factor of 484 and 44.
44
What is the greatest common factor of 5075 and 28?
7
What is the greatest common divisor of 506 and 66?
22
Calculate the highest common factor of 28 and 21.
7
Calculate the highest common divisor of 16 and 58.
2
Calculate the greatest common divisor of 74 and 629.
37
What is the highest common factor of 7924 and 14?
14
Calculate the highest common factor of 6231 and 2613.
201
What is the greatest common divisor of 11 and 4631?
11
Calculate the greatest common factor of 36 and 3438.
18
Calculate the highest common divisor of 966 and 23.
23
Calculate the highest common divisor of 874 and 38.
38
What is the greatest common divisor of 3572 and 188?
188
What is the highest common factor of 68 and 306?
34
What is the greatest common divisor of 114 and 18?
6
Calculate the highest common divisor of 74 and 2923.
37
Calculate the greatest common factor of 24 and 384.
24
What is the greatest common divisor of 480 and 540?
60
What is the greatest common divisor of 77 and 99?
11
What is the greatest common divisor of 450 and 250?
50
What is the greatest common divisor of 86 and 1075?
43
What is the highest common factor of 112 and 848?
16
Calculate the highest common divisor of 48 and 208.
16
What is the highest common divisor of 2136 and 48?
24
What is the hi